{"id":78,"date":"2019-07-25T15:00:41","date_gmt":"2019-07-25T13:00:41","guid":{"rendered":"http:\/\/gcshandicapsensoriel.fr\/?page_id=78"},"modified":"2023-08-22T16:11:47","modified_gmt":"2023-08-22T14:11:47","slug":"nos-valeurs","status":"publish","type":"page","link":"https:\/\/gcshandicapsensoriel.fr\/?page_id=78","title":{"rendered":"Nos valeurs"},"content":{"rendered":"\n<figure class=\"wp-block-pullquote\"><blockquote><p>Respect &#8211; Bienveillance &#8211; Ecoute &#8211; Dignit\u00e9 &#8211; Partage &#8211; Empathie &#8211; Professionnalisme &#8211; Pluridisciplinarit\u00e9<\/p><\/blockquote><\/figure>\n\n\n\n<p>Dans le cadre de son appartenance par le biais de ses membres fondateurs au groupe Mutualit\u00e9 Fran\u00e7aise et au groupe VYV Care, le GCS Handicap Sensoriel est porteur de VALEURS qui reposent sur des notions de <strong>SOLIDARITE<\/strong> et de <strong>MIEUX-VIVRE<\/strong>. <\/p>\n\n\n\n<figure class=\"wp-block-gallery has-nested-images columns-default is-cropped wp-block-gallery-1 is-layout-flex wp-block-gallery-is-layout-flex\">\n<figure class=\"wp-block-image\"><img loading=\"lazy\" decoding=\"async\" width=\"750\" height=\"565\" data-id=\"79\" src=\"http:\/\/gcshandicapsensoriel.fr\/wp-content\/uploads\/2019\/07\/MF.jpg\" alt=\"\" class=\"wp-image-79\" srcset=\"https:\/\/gcshandicapsensoriel.fr\/wp-content\/uploads\/2019\/07\/MF.jpg 750w, https:\/\/gcshandicapsensoriel.fr\/wp-content\/uploads\/2019\/07\/MF-300x226.jpg 300w\" sizes=\"(max-width: 706px) 89vw, (max-width: 767px) 82vw, 740px\" \/><\/figure>\n\n\n\n<figure class=\"wp-block-image\"><img loading=\"lazy\" decoding=\"async\" width=\"218\" height=\"231\" data-id=\"361\" src=\"http:\/\/gcshandicapsensoriel.fr\/wp-content\/uploads\/2020\/01\/vyv3-1.png\" alt=\"logo vyv 3\" class=\"wp-image-361\"\/><\/figure>\n<\/figure>\n","protected":false},"excerpt":{"rendered":"<p>Respect &#8211; Bienveillance &#8211; Ecoute &#8211; Dignit\u00e9 &#8211; Partage &#8211; Empathie &#8211; Professionnalisme &#8211; Pluridisciplinarit\u00e9 Dans le cadre de son appartenance par le biais de ses membres fondateurs au groupe Mutualit\u00e9 Fran\u00e7aise et au groupe VYV Care, le GCS Handicap Sensoriel est porteur de VALEURS qui reposent sur des notions de SOLIDARITE et de MIEUX-VIVRE.<\/p>\n","protected":false},"author":1,"featured_media":0,"parent":0,"menu_order":0,"comment_status":"closed","ping_status":"closed","template":"","meta":{"footnotes":""},"_links":{"self":[{"href":"https:\/\/gcshandicapsensoriel.fr\/index.php?rest_route=\/wp\/v2\/pages\/78"}],"collection":[{"href":"https:\/\/gcshandicapsensoriel.fr\/index.php?rest_route=\/wp\/v2\/pages"}],"about":[{"href":"https:\/\/gcshandicapsensoriel.fr\/index.php?rest_route=\/wp\/v2\/types\/page"}],"author":[{"embeddable":true,"href":"https:\/\/gcshandicapsensoriel.fr\/index.php?rest_route=\/wp\/v2\/users\/1"}],"replies":[{"embeddable":true,"href":"https:\/\/gcshandicapsensoriel.fr\/index.php?rest_route=%2Fwp%2Fv2%2Fcomments&post=78"}],"version-history":[{"count":4,"href":"https:\/\/gcshandicapsensoriel.fr\/index.php?rest_route=\/wp\/v2\/pages\/78\/revisions"}],"predecessor-version":[{"id":654,"href":"https:\/\/gcshandicapsensoriel.fr\/index.php?rest_route=\/wp\/v2\/pages\/78\/revisions\/654"}],"wp:attachment":[{"href":"https:\/\/gcshandicapsensoriel.fr\/index.php?rest_route=%2Fwp%2Fv2%2Fmedia&parent=78"}],"curies":[{"name":"wp","href":"https:\/\/api.w.org\/{rel}","templated":true}]}}

<figure class="wp-block-pullquote"><blockquote><p>Respect &#8211; Bienveillance &#8211; Ecoute &#8211; Dignité &#8211; Partage &#8211; Empathie &#8211; Professionnalisme &#8211; Pluridisciplinarité</p></blockquote></figure>



<p>Dans le cadre de son appartenance par le biais de ses membres fondateurs au groupe Mutualité Française et au groupe VYV Care, le GCS Handicap Sensoriel est porteur de VALEURS qui reposent sur des notions de <strong>SOLIDARITE</strong> et de <strong>MIEUX-VIVRE</strong>. </p>



<figure class="wp-block-gallery has-nested-images columns-default is-cropped wp-block-gallery-1 is-layout-flex wp-block-gallery-is-layout-flex">
<figure class="wp-block-image"><img loading="lazy" decoding="async" width="750" height="565" data-id="79" src="http://gcshandicapsensoriel.fr/wp-content/uploads/2019/07/MF.jpg" alt="" class="wp-image-79" srcset="https://gcshandicapsensoriel.fr/wp-content/uploads/2019/07/MF.jpg 750w, https://gcshandicapsensoriel.fr/wp-content/uploads/2019/07/MF-300x226.jpg 300w" sizes="(max-width: 706px) 89vw, (max-width: 767px) 82vw, 740px" /></figure>



<figure class="wp-block-image"><img loading="lazy" decoding="async" width="218" height="231" data-id="361" src="http://gcshandicapsensoriel.fr/wp-content/uploads/2020/01/vyv3-1.png" alt="logo vyv 3" class="wp-image-361"/></figure>
</figure>

<p>Respect &#8211; Bienveillance &#8211; Ecoute &#8211; Dignité &#8211; Partage &#8211; Empathie &#8211; Professionnalisme &#8211; Pluridisciplinarité Dans le cadre de son appartenance par le biais de ses membres fondateurs au groupe Mutualité Française et au groupe VYV Care, le GCS Handicap Sensoriel est porteur de VALEURS qui reposent sur des notions de SOLIDARITE et de MIEUX-VIVRE.</p>
