{"id":59,"date":"2019-07-25T14:18:15","date_gmt":"2019-07-25T12:18:15","guid":{"rendered":"http:\/\/gcshandicapsensoriel.fr\/?page_id=59"},"modified":"2023-08-22T16:00:24","modified_gmt":"2023-08-22T14:00:24","slug":"qui-sommes-nous","status":"publish","type":"page","link":"https:\/\/gcshandicapsensoriel.fr\/?page_id=59","title":{"rendered":"Un groupement de coop\u00e9ration"},"content":{"rendered":"\n<p>Le Groupement de Coop\u00e9ration Sanitaire \u00ab Handicap Sensoriel du Poitou-Charentes \u00bb a \u00e9t\u00e9 cr\u00e9\u00e9 \u00e0 l\u2019initiative de la Mutualit\u00e9 Fran\u00e7aise Vienne SSAM et la Mutualit\u00e9 Fran\u00e7aise Anjou Mayenne SSAM, afin de proposer des r\u00e9ponses aux besoins des personnes d\u00e9ficientes sensorielles du territoire du Poitou-Charentes.<br>Par d\u00e9cision n\u00b02012\/000572 en date du 4 juin 2012, le Directeur G\u00e9n\u00e9ral de l\u2019Agence R\u00e9gionale de Sant\u00e9 a approuv\u00e9 la convention constitutive du Groupement de Coop\u00e9ration Sanitaire \u00ab Handicap Sensoriel du Poitou-Charentes \u00bb, marquant ainsi sa cr\u00e9ation.<\/p>\n\n\n\n<p>Le GCS Handicap Sensoriel Poitou-Charentes regroupe deux structures pr\u00e9existantes : le Centre R\u00e9gional Basse Vision et Troubles de l\u2019Audition (commun\u00e9ment appel\u00e9 CRBVTA), cr\u00e9\u00e9 par autorisation sur d\u00e9cision du Directeur G\u00e9n\u00e9ral de l\u2019Agence R\u00e9gionale de Sant\u00e9 en date du 8 d\u00e9cembre 2008, pour un d\u00e9but d\u2019activit\u00e9 le 17 septembre 2009, exerce une activit\u00e9 de soins de suite et de r\u00e9adaptation et le Service d\u2019Aide \u00e0 l\u2019Acquisition \u00e0 l\u2019Autonomie et \u00e0 l\u2019Int\u00e9gration Scolaire (commun\u00e9ment appel\u00e9 S3AIS), structure m\u00e9dico-sociale, cr\u00e9\u00e9 en 2008. Chacune de ses structures dispose l\u2019une d\u2019un projet d\u2019\u00e9tablissement et l\u2019autre d\u2019un projet de service.<br>En 2017, le GCS Handicap Sensoriel Poitou-Charentes a modifi\u00e9 sa convention constitutive pour y int\u00e9grer un 3\u00e8me service au 1er janvier 2018 : le SIADV, service d\u2019accompagnement des personnes d\u00e9ficientes visuelles en emploi, formation ou demandeur d\u2019emploi.<br>En 2019, la Direction g\u00e9n\u00e9rale de l\u2019ARS Nouvelle Aquitaine a autoris\u00e9 l\u2019ouverture d\u2019une antenne du Centre r\u00e9gional basse vision de 5 places h\u00e9berg\u00e9e au sein du SSR Les Glamots de l\u2019Association Ardevie \u00e0 Roullet Saint Est\u00e8phe en Charente. Ceci a permis de r\u00e9pondre aux besoins de nombreux patients et b\u00e9n\u00e9ficiaires. De ce fait, l\u2019association Ardevie a int\u00e9gr\u00e9 le GCS en tant que membre.<br>Enfin, en juillet 2022, Vyv3 Pays De la Loire a c\u00e9d\u00e9 ses parts \u00e0 la Mutualit\u00e9 Fran\u00e7aise Limousine qui a d\u00e9sormais int\u00e9gr\u00e9 le GCS Handicap Sensoriel du Poitou Charente \u00e0 cette date.<\/p>\n\n\n\n<figure class=\"wp-block-gallery aligncenter has-nested-images columns-default wp-block-gallery-1 is-layout-flex wp-block-gallery-is-layout-flex\">\n<figure class=\"wp-block-image size-full\"><img loading=\"lazy\" decoding=\"async\" width=\"222\" height=\"179\" data-id=\"642\" src=\"http:\/\/gcshandicapsensoriel.fr\/wp-content\/uploads\/2023\/08\/Capture1.png\" alt=\"\" class=\"wp-image-642\"\/><\/figure>\n\n\n\n<figure class=\"wp-block-image size-full\"><img loading=\"lazy\" decoding=\"async\" width=\"200\" height=\"167\" data-id=\"643\" src=\"http:\/\/gcshandicapsensoriel.fr\/wp-content\/uploads\/2023\/08\/mutualite-francaise-limousine-logo.png\" alt=\"\" class=\"wp-image-643\"\/><\/figure>\n\n\n<div class=\"wp-block-image\">\n<figure class=\"aligncenter size-full\"><img loading=\"lazy\" decoding=\"async\" width=\"214\" height=\"90\" data-id=\"641\" src=\"http:\/\/gcshandicapsensoriel.fr\/wp-content\/uploads\/2023\/08\/images.png\" alt=\"\" class=\"wp-image-641\"\/><\/figure><\/div><\/figure>\n\n\n\n<p><br>Acteur de l\u2019\u00e9conomie sociale et solidaire, le GCS Handicap Sensoriel propose des prestations qui reposent sur des principes tels que :<\/p>\n\n\n\n<ul>\n<li>La solidarit\u00e9,<\/li>\n\n\n\n<li>La primaut\u00e9 de l\u2019humain sur le capital,<\/li>\n\n\n\n<li>La contribution \u00e0 une soci\u00e9t\u00e9 plurielle et d\u00e9mocratique,<\/li>\n\n\n\n<li>Un but non lucratif,<\/li>\n\n\n\n<li>La qualit\u00e9 et la performance \u00e9conomique.<\/li>\n<\/ul>\n\n\n\n<p>Cette interm\u00e9diation et cette collaboration entre les trois services (S3AIS->SIADV->CRBVTA) sont en faveur de parcours personnalis\u00e9s, adapt\u00e9s aux besoins des enfants\/parents, b\u00e9n\u00e9ficiaires, patients, et conformes aux attentes afin d\u2019\u00e9viter les situations de rupture.<br>Conform\u00e9ment \u00e0 sa convention constitutive, le GCS Handicap Sensoriel s\u2019engage dans la d\u00e9marche de management de la qualit\u00e9 et de la gestion des risques au travers d\u2019une \u00ab Charte d\u2019engagement Qualit\u00e9 \u00bb r\u00e9vis\u00e9e tous les 4 ans. Cet engagement dont la contrepartie pour le CRBVTA sont les visites de certification de la Haute autorit\u00e9 de sant\u00e9, et pour le S3AIS 86 par les \u00e9valuations HAS les r\u00e9flexions, organisation, b\u00e9n\u00e9ficie au SIADV dont les processus et proc\u00e9dures sont en accord avec les attendus r\u00e8glementaires.<\/p>\n\n\n\n<figure class=\"wp-block-image\"><img loading=\"lazy\" decoding=\"async\" width=\"1024\" height=\"768\" src=\"http:\/\/gcshandicapsensoriel.fr\/wp-content\/uploads\/2019\/07\/DSC01196-1024x768.jpg\" alt=\"\" class=\"wp-image-60\" srcset=\"https:\/\/gcshandicapsensoriel.fr\/wp-content\/uploads\/2019\/07\/DSC01196-1024x768.jpg 1024w, https:\/\/gcshandicapsensoriel.fr\/wp-content\/uploads\/2019\/07\/DSC01196-300x225.jpg 300w, https:\/\/gcshandicapsensoriel.fr\/wp-content\/uploads\/2019\/07\/DSC01196-768x576.jpg 768w\" sizes=\"(max-width: 767px) 89vw, (max-width: 1000px) 54vw, (max-width: 1071px) 543px, 580px\" \/><figcaption class=\"wp-element-caption\">De gauche \u00e0 droite : Boris Cotterel, pr\u00e9sident de la Mutualit\u00e9 Fran\u00e7aise Anjou-Mayenne, Jean-Claude Violet, pr\u00e9sident de l&rsquo;association Ardevie et Yves Pelletier, pr\u00e9sident de la Mutualit\u00e9 Fran\u00e7aise Vienne SSAM.<\/figcaption><\/figure>\n","protected":false},"excerpt":{"rendered":"<p>Le Groupement de Coop\u00e9ration Sanitaire \u00ab Handicap Sensoriel du Poitou-Charentes \u00bb a \u00e9t\u00e9 cr\u00e9\u00e9 \u00e0 l\u2019initiative de la Mutualit\u00e9 Fran\u00e7aise Vienne SSAM et la Mutualit\u00e9 Fran\u00e7aise Anjou Mayenne SSAM, afin de proposer des r\u00e9ponses aux besoins des personnes d\u00e9ficientes sensorielles du territoire du Poitou-Charentes.Par d\u00e9cision n\u00b02012\/000572 en date du 4 juin 2012, le Directeur G\u00e9n\u00e9ral &hellip; <\/p>\n<p class=\"link-more\"><a href=\"https:\/\/gcshandicapsensoriel.fr\/?page_id=59\" class=\"more-link\">Continuer la lecture<span class=\"screen-reader-text\"> de &laquo;&nbsp;Un groupement de coop\u00e9ration&nbsp;&raquo;<\/span><\/a><\/p>\n","protected":false},"author":1,"featured_media":0,"parent":0,"menu_order":0,"comment_status":"closed","ping_status":"closed","template":"","meta":{"footnotes":""},"_links":{"self":[{"href":"https:\/\/gcshandicapsensoriel.fr\/index.php?rest_route=\/wp\/v2\/pages\/59"}],"collection":[{"href":"https:\/\/gcshandicapsensoriel.fr\/index.php?rest_route=\/wp\/v2\/pages"}],"about":[{"href":"https:\/\/gcshandicapsensoriel.fr\/index.php?rest_route=\/wp\/v2\/types\/page"}],"author":[{"embeddable":true,"href":"https:\/\/gcshandicapsensoriel.fr\/index.php?rest_route=\/wp\/v2\/users\/1"}],"replies":[{"embeddable":true,"href":"https:\/\/gcshandicapsensoriel.fr\/index.php?rest_route=%2Fwp%2Fv2%2Fcomments&post=59"}],"version-history":[{"count":5,"href":"https:\/\/gcshandicapsensoriel.fr\/index.php?rest_route=\/wp\/v2\/pages\/59\/revisions"}],"predecessor-version":[{"id":644,"href":"https:\/\/gcshandicapsensoriel.fr\/index.php?rest_route=\/wp\/v2\/pages\/59\/revisions\/644"}],"wp:attachment":[{"href":"https:\/\/gcshandicapsensoriel.fr\/index.php?rest_route=%2Fwp%2Fv2%2Fmedia&parent=59"}],"curies":[{"name":"wp","href":"https:\/\/api.w.org\/{rel}","templated":true}]}}