{"id":562,"date":"2023-03-01T10:24:33","date_gmt":"2023-03-01T09:24:33","guid":{"rendered":"http:\/\/gcshandicapsensoriel.fr\/?page_id=562"},"modified":"2023-03-01T10:24:33","modified_gmt":"2023-03-01T09:24:33","slug":"troubles-auditifs","status":"publish","type":"page","link":"https:\/\/gcshandicapsensoriel.fr\/?page_id=562","title":{"rendered":"Troubles auditifs"},"content":{"rendered":"\n<h2 class=\"wp-block-heading\">Les crit\u00e8res d&rsquo;admission : <\/h2>\n\n\n\n<p>Le patient doit pr\u00e9senter des troubles de l\u2019audition malgr\u00e9 un appareillage.<\/p>\n\n\n\n<p>Pour \u00eatre accueilli(e)\u00a0 au sein de l\u2019\u00e9tablissement, vous devez contacter <strong>l\u2019accueil du Centre <\/strong>qui vous adressera un<strong> dossier d\u2019admission<\/strong> comprenant :<\/p>\n\n\n\n<ul>\n<li><strong>une fiche administrative <\/strong>concernant votre situation personnelle et vos attentes (\u00e0 remplir par vous et\/ou votre entourage).<\/li>\n\n\n\n<li><strong>une fiche m\u00e9dicale<\/strong> \u00e0 compl\u00e9ter par votre m\u00e9decin g\u00e9n\u00e9raliste,<\/li>\n\n\n\n<li><strong>une fiche orl <\/strong>\u00e0 compl\u00e9ter par votre m\u00e9decin oto-rhino-laryngologiste.<\/li>\n<\/ul>\n\n\n\n<p>Si votre demande d\u2019admission est accept\u00e9e par le m\u00e9decin du Centre, des dates du parcours d\u2019\u00e9valuation vous seront communiqu\u00e9es.<\/p>\n","protected":false},"excerpt":{"rendered":"<p>Les crit\u00e8res d&rsquo;admission : Le patient doit pr\u00e9senter des troubles de l\u2019audition malgr\u00e9 un appareillage. Pour \u00eatre accueilli(e)\u00a0 au sein de l\u2019\u00e9tablissement, vous devez contacter l\u2019accueil du Centre qui vous adressera un dossier d\u2019admission comprenant : Si votre demande d\u2019admission est accept\u00e9e par le m\u00e9decin du Centre, des dates du parcours d\u2019\u00e9valuation vous seront communiqu\u00e9es.<\/p>\n","protected":false},"author":2,"featured_media":0,"parent":0,"menu_order":0,"comment_status":"closed","ping_status":"closed","template":"","meta":{"footnotes":""},"_links":{"self":[{"href":"https:\/\/gcshandicapsensoriel.fr\/index.php?rest_route=\/wp\/v2\/pages\/562"}],"collection":[{"href":"https:\/\/gcshandicapsensoriel.fr\/index.php?rest_route=\/wp\/v2\/pages"}],"about":[{"href":"https:\/\/gcshandicapsensoriel.fr\/index.php?rest_route=\/wp\/v2\/types\/page"}],"author":[{"embeddable":true,"href":"https:\/\/gcshandicapsensoriel.fr\/index.php?rest_route=\/wp\/v2\/users\/2"}],"replies":[{"embeddable":true,"href":"https:\/\/gcshandicapsensoriel.fr\/index.php?rest_route=%2Fwp%2Fv2%2Fcomments&post=562"}],"version-history":[{"count":1,"href":"https:\/\/gcshandicapsensoriel.fr\/index.php?rest_route=\/wp\/v2\/pages\/562\/revisions"}],"predecessor-version":[{"id":564,"href":"https:\/\/gcshandicapsensoriel.fr\/index.php?rest_route=\/wp\/v2\/pages\/562\/revisions\/564"}],"wp:attachment":[{"href":"https:\/\/gcshandicapsensoriel.fr\/index.php?rest_route=%2Fwp%2Fv2%2Fmedia&parent=562"}],"curies":[{"name":"wp","href":"https:\/\/api.w.org\/{rel}","templated":true}]}}

<h2 class="wp-block-heading">Les critères d&rsquo;admission : </h2>



<p>Le patient doit présenter des troubles de l’audition malgré un appareillage.</p>



<p>Pour être accueilli(e)  au sein de l’établissement, vous devez contacter <strong>l’accueil du Centre </strong>qui vous adressera un<strong> dossier d’admission</strong> comprenant :</p>



<ul>
<li><strong>une fiche administrative </strong>concernant votre situation personnelle et vos attentes (à remplir par vous et/ou votre entourage).</li>



<li><strong>une fiche médicale</strong> à compléter par votre médecin généraliste,</li>



<li><strong>une fiche orl </strong>à compléter par votre médecin oto-rhino-laryngologiste.</li>
</ul>



<p>Si votre demande d’admission est acceptée par le médecin du Centre, des dates du parcours d’évaluation vous seront communiquées.</p>

<p>Les critères d&rsquo;admission : Le patient doit présenter des troubles de l’audition malgré un appareillage. Pour être accueilli(e)  au sein de l’établissement, vous devez contacter l’accueil du Centre qui vous adressera un dossier d’admission comprenant : Si votre demande d’admission est acceptée par le médecin du Centre, des dates du parcours d’évaluation vous seront communiquées.</p>
