{"id":423,"date":"2020-08-21T15:44:06","date_gmt":"2020-08-21T13:44:06","guid":{"rendered":"http:\/\/gcshandicapsensoriel.fr\/?page_id=423"},"modified":"2023-03-01T11:11:23","modified_gmt":"2023-03-01T10:11:23","slug":"qui-solliciter-le-siadv","status":"publish","type":"page","link":"https:\/\/gcshandicapsensoriel.fr\/?page_id=423","title":{"rendered":"Qui peut solliciter le SIADV ?"},"content":{"rendered":"\n<ul>\n<li>les &nbsp;Cap Emploi,&nbsp;<\/li>\n\n\n\n<li>les P\u00f4les Emploi, <\/li>\n\n\n\n<li>les Missions Locales, <\/li>\n\n\n\n<li> les m\u00e9decins du travail ou les m\u00e9decins de pr\u00e9vention,<\/li>\n\n\n\n<li>les r\u00e9f\u00e9rents ou charg\u00e9s de mission handicap de vos structures ,<\/li>\n\n\n\n<li>les employeurs publics ayant conventionn\u00e9s avec le FIPHFP, <\/li>\n\n\n\n<li>les CARSAT ou encore les Centres de r\u00e9adaptation professionnelle. <\/li>\n<\/ul>\n\n\n\n<div class=\"wp-block-media-text alignwide\"><figure class=\"wp-block-media-text__media\"><img loading=\"lazy\" decoding=\"async\" width=\"440\" height=\"261\" src=\"http:\/\/gcshandicapsensoriel.fr\/wp-content\/uploads\/2020\/08\/capemploi.gif\" alt=\"\" class=\"wp-image-424\"\/><\/figure><div class=\"wp-block-media-text__content\">\n\n<h2 class=\"wp-block-heading\">Retrouvez le Cap Emploi de votre d\u00e9partement sur : <\/h2>\n\n\n<p><a href=\"https:\/\/www.agefiph.fr\/annuaire\">https:\/\/www.agefiph.fr\/annuaire<\/a><\/p>\n\n<\/div><\/div>\n","protected":false},"excerpt":{"rendered":"<p>Retrouvez le Cap Emploi de votre d\u00e9partement sur : https:\/\/www.agefiph.fr\/annuaire<\/p>\n","protected":false},"author":1,"featured_media":0,"parent":0,"menu_order":0,"comment_status":"closed","ping_status":"closed","template":"","meta":{"footnotes":""},"_links":{"self":[{"href":"https:\/\/gcshandicapsensoriel.fr\/index.php?rest_route=\/wp\/v2\/pages\/423"}],"collection":[{"href":"https:\/\/gcshandicapsensoriel.fr\/index.php?rest_route=\/wp\/v2\/pages"}],"about":[{"href":"https:\/\/gcshandicapsensoriel.fr\/index.php?rest_route=\/wp\/v2\/types\/page"}],"author":[{"embeddable":true,"href":"https:\/\/gcshandicapsensoriel.fr\/index.php?rest_route=\/wp\/v2\/users\/1"}],"replies":[{"embeddable":true,"href":"https:\/\/gcshandicapsensoriel.fr\/index.php?rest_route=%2Fwp%2Fv2%2Fcomments&post=423"}],"version-history":[{"count":3,"href":"https:\/\/gcshandicapsensoriel.fr\/index.php?rest_route=\/wp\/v2\/pages\/423\/revisions"}],"predecessor-version":[{"id":582,"href":"https:\/\/gcshandicapsensoriel.fr\/index.php?rest_route=\/wp\/v2\/pages\/423\/revisions\/582"}],"wp:attachment":[{"href":"https:\/\/gcshandicapsensoriel.fr\/index.php?rest_route=%2Fwp%2Fv2%2Fmedia&parent=423"}],"curies":[{"name":"wp","href":"https:\/\/api.w.org\/{rel}","templated":true}]}}