{"id":201,"date":"2019-08-22T16:10:03","date_gmt":"2019-08-22T14:10:03","guid":{"rendered":"http:\/\/gcshandicapsensoriel.fr\/?page_id=201"},"modified":"2019-08-22T18:06:20","modified_gmt":"2019-08-22T16:06:20","slug":"le-showroom-daides-techniques-pour-handicap-visuel","status":"publish","type":"page","link":"https:\/\/gcshandicapsensoriel.fr\/?page_id=201","title":{"rendered":"Un plateau technique complet et sp\u00e9cialis\u00e9"},"content":{"rendered":"\n<h2 class=\"wp-block-heading\"><strong>Le showroom d&rsquo;aides techniques pour handicap visuel<\/strong><\/h2>\n\n\n\n<ul><li>Une salle enti\u00e8rement d\u00e9di\u00e9e aux aides techniques les plus innovantes comme les lunettes connect\u00e9es My Eye, plusieurs loupes \u00e9lectroniques avec fonctionnalit\u00e9s et tailles diversifi\u00e9es, plusieurs t\u00e9l\u00e9agrandisseurs, des \u00e9crans adapt\u00e9s, des loupes manuelles, des filtres &#8230;. <\/li><li>Un partenariat avec diff\u00e9rents fournisseurs permet de disposer de mat\u00e9riels en pr\u00eat pour avoir \u00e0 la disposition des b\u00e9n\u00e9ficiaires des derni\u00e8res versions.<\/li><\/ul>\n\n\n\n<ul class=\"wp-block-gallery columns-3 is-cropped wp-block-gallery-1 is-layout-flex wp-block-gallery-is-layout-flex\"><li class=\"blocks-gallery-item\"><figure><img loading=\"lazy\" decoding=\"async\" width=\"1024\" height=\"768\" src=\"http:\/\/gcshandicapsensoriel.fr\/wp-content\/uploads\/2019\/08\/DSC00032-1024x768.jpg\" alt=\"\" data-id=\"202\" data-link=\"http:\/\/gcshandicapsensoriel.fr\/?attachment_id=202\" class=\"wp-image-202\" srcset=\"https:\/\/gcshandicapsensoriel.fr\/wp-content\/uploads\/2019\/08\/DSC00032-1024x768.jpg 1024w, https:\/\/gcshandicapsensoriel.fr\/wp-content\/uploads\/2019\/08\/DSC00032-300x225.jpg 300w, https:\/\/gcshandicapsensoriel.fr\/wp-content\/uploads\/2019\/08\/DSC00032-768x576.jpg 768w\" sizes=\"(max-width: 767px) 89vw, (max-width: 1000px) 54vw, (max-width: 1071px) 543px, 580px\" \/><\/figure><\/li><li class=\"blocks-gallery-item\"><figure><img loading=\"lazy\" decoding=\"async\" width=\"720\" height=\"960\" src=\"http:\/\/gcshandicapsensoriel.fr\/wp-content\/uploads\/2019\/08\/IMG_0811.jpg\" alt=\"\" data-id=\"203\" data-link=\"http:\/\/gcshandicapsensoriel.fr\/?attachment_id=203\" class=\"wp-image-203\" srcset=\"https:\/\/gcshandicapsensoriel.fr\/wp-content\/uploads\/2019\/08\/IMG_0811.jpg 720w, https:\/\/gcshandicapsensoriel.fr\/wp-content\/uploads\/2019\/08\/IMG_0811-225x300.jpg 225w\" sizes=\"(max-width: 720px) 100vw, 720px\" \/><\/figure><\/li><li class=\"blocks-gallery-item\"><figure><img loading=\"lazy\" decoding=\"async\" width=\"720\" height=\"960\" src=\"http:\/\/gcshandicapsensoriel.fr\/wp-content\/uploads\/2019\/08\/IMG_0814.jpg\" alt=\"\" data-id=\"204\" data-link=\"http:\/\/gcshandicapsensoriel.fr\/?attachment_id=204\" class=\"wp-image-204\" srcset=\"https:\/\/gcshandicapsensoriel.fr\/wp-content\/uploads\/2019\/08\/IMG_0814.jpg 720w, https:\/\/gcshandicapsensoriel.fr\/wp-content\/uploads\/2019\/08\/IMG_0814-225x300.jpg 225w\" sizes=\"(max-width: 720px) 100vw, 720px\" \/><\/figure><\/li><\/ul>\n\n\n\n<h2 class=\"wp-block-heading\"><strong>Un espace d&rsquo;aides techniques dans la salle d&rsquo;audiom\u00e9trie pour handicap auditif<\/strong><\/h2>\n\n\n\n<ul><li>diff\u00e9rentes aides techniques pour permettre aux personnes malentendantes d&rsquo;am\u00e9liorer leur qualit\u00e9 de vie (montre vibrante, alarme, t\u00e9l\u00e9phones adapt\u00e9s&#8230;)<\/li><li>des g\u00e9n\u00e9rateurs de bruit blanc et g\u00e9n\u00e9rateurs de son pour permettre aux personnes souffrants d&rsquo;acouph\u00e8nes de retrouver sommeil et qualit\u00e9 de vie.<\/li><\/ul>\n\n\n\n<ul class=\"wp-block-gallery columns-1 is-cropped wp-block-gallery-2 is-layout-flex wp-block-gallery-is-layout-flex\"><li class=\"blocks-gallery-item\"><figure><img loading=\"lazy\" decoding=\"async\" width=\"1024\" height=\"768\" src=\"http:\/\/gcshandicapsensoriel.fr\/wp-content\/uploads\/2019\/08\/IMG_20170403_121938-1024x768.jpg\" alt=\"\" data-id=\"221\" data-link=\"http:\/\/gcshandicapsensoriel.fr\/index.php\/le-showroom-daides-techniques-pour-handicap-visuel\/img_20170403_121938\/\" class=\"wp-image-221\" srcset=\"https:\/\/gcshandicapsensoriel.fr\/wp-content\/uploads\/2019\/08\/IMG_20170403_121938-1024x768.jpg 1024w, https:\/\/gcshandicapsensoriel.fr\/wp-content\/uploads\/2019\/08\/IMG_20170403_121938-300x225.jpg 300w, https:\/\/gcshandicapsensoriel.fr\/wp-content\/uploads\/2019\/08\/IMG_20170403_121938-768x576.jpg 768w\" sizes=\"(max-width: 767px) 89vw, (max-width: 1000px) 54vw, (max-width: 1071px) 543px, 580px\" \/><\/figure><\/li><\/ul>\n\n\n\n<h2 class=\"wp-block-heading\"> <strong>Une<\/strong> <strong>cuisine th\u00e9rapeutique<\/strong><\/h2>\n\n\n\n<ul><li>elle permet de mettre le b\u00e9n\u00e9ficiaire en situation r\u00e9elle que ce soit dans la vie quotidienne mais aussi dans des situations de travail particuli\u00e8res.<\/li><li>elle offre un espace de prise en charge th\u00e9rapeutique en groupe autour des sens compensatoires, pour les petits comme pour les grands.<\/li><\/ul>\n\n\n\n<ul class=\"wp-block-gallery columns-3 is-cropped wp-block-gallery-3 is-layout-flex wp-block-gallery-is-layout-flex\"><li class=\"blocks-gallery-item\"><figure><img loading=\"lazy\" decoding=\"async\" width=\"960\" height=\"720\" src=\"http:\/\/gcshandicapsensoriel.fr\/wp-content\/uploads\/2019\/08\/IMG_0678.jpg\" alt=\"\" data-id=\"222\" data-link=\"http:\/\/gcshandicapsensoriel.fr\/index.php\/le-showroom-daides-techniques-pour-handicap-visuel\/img_0678\/\" class=\"wp-image-222\" srcset=\"https:\/\/gcshandicapsensoriel.fr\/wp-content\/uploads\/2019\/08\/IMG_0678.jpg 960w, https:\/\/gcshandicapsensoriel.fr\/wp-content\/uploads\/2019\/08\/IMG_0678-300x225.jpg 300w, https:\/\/gcshandicapsensoriel.fr\/wp-content\/uploads\/2019\/08\/IMG_0678-768x576.jpg 768w\" sizes=\"(max-width: 767px) 89vw, (max-width: 1000px) 54vw, (max-width: 1071px) 543px, 580px\" \/><\/figure><\/li><li class=\"blocks-gallery-item\"><figure><img loading=\"lazy\" decoding=\"async\" width=\"1024\" height=\"765\" src=\"http:\/\/gcshandicapsensoriel.fr\/wp-content\/uploads\/2019\/08\/1-1024x765.jpg\" alt=\"\" data-id=\"224\" data-link=\"http:\/\/gcshandicapsensoriel.fr\/index.php\/le-showroom-daides-techniques-pour-handicap-visuel\/attachment\/1\/\" class=\"wp-image-224\" srcset=\"https:\/\/gcshandicapsensoriel.fr\/wp-content\/uploads\/2019\/08\/1-1024x765.jpg 1024w, https:\/\/gcshandicapsensoriel.fr\/wp-content\/uploads\/2019\/08\/1-300x224.jpg 300w, https:\/\/gcshandicapsensoriel.fr\/wp-content\/uploads\/2019\/08\/1-768x574.jpg 768w\" sizes=\"(max-width: 767px) 89vw, (max-width: 1000px) 54vw, (max-width: 1071px) 543px, 580px\" \/><\/figure><\/li><li class=\"blocks-gallery-item\"><figure><img loading=\"lazy\" decoding=\"async\" width=\"1024\" height=\"768\" src=\"http:\/\/gcshandicapsensoriel.fr\/wp-content\/uploads\/2019\/08\/DSC01068-1024x768.jpg\" alt=\"\" data-id=\"231\" data-link=\"http:\/\/gcshandicapsensoriel.fr\/index.php\/le-showroom-daides-techniques-pour-handicap-visuel\/dsc01068\/\" class=\"wp-image-231\" srcset=\"https:\/\/gcshandicapsensoriel.fr\/wp-content\/uploads\/2019\/08\/DSC01068-1024x768.jpg 1024w, https:\/\/gcshandicapsensoriel.fr\/wp-content\/uploads\/2019\/08\/DSC01068-300x225.jpg 300w, https:\/\/gcshandicapsensoriel.fr\/wp-content\/uploads\/2019\/08\/DSC01068-768x576.jpg 768w\" sizes=\"(max-width: 767px) 89vw, (max-width: 1000px) 54vw, (max-width: 1071px) 543px, 580px\" \/><\/figure><\/li><\/ul>\n\n\n\n<h2 class=\"wp-block-heading\"><strong>Des<\/strong> <strong>espaces de r\u00e9\u00e9ducation\/r\u00e9adaptation<\/strong>\u00a0<\/h2>\n\n\n\n<ul><li>pour la r\u00e9\u00e9ducation orthoptique (instruments divers pour bilan et mesure des capacit\u00e9s visuelles des b\u00e9n\u00e9ficiaires), <\/li><li>pour la r\u00e9\u00e9ducation en psychomotricit\u00e9 (\u00e9valuation des capacit\u00e9s motrices), <\/li><li>pour la r\u00e9\u00e9ducation en locomotion (simulation des difficult\u00e9s de d\u00e9placement).<\/li><\/ul>\n\n\n\n<ul class=\"wp-block-gallery columns-3 is-cropped wp-block-gallery-4 is-layout-flex wp-block-gallery-is-layout-flex\"><li class=\"blocks-gallery-item\"><figure><img loading=\"lazy\" decoding=\"async\" width=\"960\" height=\"720\" src=\"http:\/\/gcshandicapsensoriel.fr\/wp-content\/uploads\/2019\/08\/IMG_0702.jpg\" alt=\"\" data-id=\"225\" data-link=\"http:\/\/gcshandicapsensoriel.fr\/index.php\/le-showroom-daides-techniques-pour-handicap-visuel\/img_0702\/\" class=\"wp-image-225\" srcset=\"https:\/\/gcshandicapsensoriel.fr\/wp-content\/uploads\/2019\/08\/IMG_0702.jpg 960w, https:\/\/gcshandicapsensoriel.fr\/wp-content\/uploads\/2019\/08\/IMG_0702-300x225.jpg 300w, https:\/\/gcshandicapsensoriel.fr\/wp-content\/uploads\/2019\/08\/IMG_0702-768x576.jpg 768w\" sizes=\"(max-width: 767px) 89vw, (max-width: 1000px) 54vw, (max-width: 1071px) 543px, 580px\" \/><\/figure><\/li><li class=\"blocks-gallery-item\"><figure><img loading=\"lazy\" decoding=\"async\" width=\"756\" height=\"567\" src=\"http:\/\/gcshandicapsensoriel.fr\/wp-content\/uploads\/2019\/08\/S\u00e9ance.jpg\" alt=\"\" data-id=\"226\" data-link=\"http:\/\/gcshandicapsensoriel.fr\/index.php\/le-showroom-daides-techniques-pour-handicap-visuel\/seance\/\" class=\"wp-image-226\" srcset=\"https:\/\/gcshandicapsensoriel.fr\/wp-content\/uploads\/2019\/08\/S\u00e9ance.jpg 756w, https:\/\/gcshandicapsensoriel.fr\/wp-content\/uploads\/2019\/08\/S\u00e9ance-300x225.jpg 300w\" sizes=\"(max-width: 706px) 89vw, (max-width: 767px) 82vw, 740px\" \/><\/figure><\/li><li class=\"blocks-gallery-item\"><figure><img loading=\"lazy\" decoding=\"async\" width=\"1024\" height=\"682\" src=\"http:\/\/gcshandicapsensoriel.fr\/wp-content\/uploads\/2019\/08\/Photo-040-1024x682.jpg\" alt=\"\" data-id=\"228\" data-link=\"http:\/\/gcshandicapsensoriel.fr\/index.php\/le-showroom-daides-techniques-pour-handicap-visuel\/photo-040\/\" class=\"wp-image-228\" srcset=\"https:\/\/gcshandicapsensoriel.fr\/wp-content\/uploads\/2019\/08\/Photo-040-1024x682.jpg 1024w, https:\/\/gcshandicapsensoriel.fr\/wp-content\/uploads\/2019\/08\/Photo-040-300x200.jpg 300w, https:\/\/gcshandicapsensoriel.fr\/wp-content\/uploads\/2019\/08\/Photo-040-768x511.jpg 768w\" sizes=\"(max-width: 767px) 89vw, (max-width: 1000px) 54vw, (max-width: 1071px) 543px, 580px\" \/><\/figure><\/li><\/ul>\n\n\n\n<ul class=\"wp-block-gallery columns-0 is-cropped wp-block-gallery-5 is-layout-flex wp-block-gallery-is-layout-flex\"><\/ul>\n","protected":false},"excerpt":{"rendered":"<p>Le showroom d&rsquo;aides techniques pour handicap visuel Une salle enti\u00e8rement d\u00e9di\u00e9e aux aides techniques les plus innovantes comme les lunettes connect\u00e9es My Eye, plusieurs loupes \u00e9lectroniques avec fonctionnalit\u00e9s et tailles diversifi\u00e9es, plusieurs t\u00e9l\u00e9agrandisseurs, des \u00e9crans adapt\u00e9s, des loupes manuelles, des filtres &#8230;. Un partenariat avec diff\u00e9rents fournisseurs permet de disposer de mat\u00e9riels en pr\u00eat pour &hellip; <\/p>\n<p class=\"link-more\"><a href=\"https:\/\/gcshandicapsensoriel.fr\/?page_id=201\" class=\"more-link\">Continuer la lecture<span class=\"screen-reader-text\"> de &laquo;&nbsp;Un plateau technique complet et sp\u00e9cialis\u00e9&nbsp;&raquo;<\/span><\/a><\/p>\n","protected":false},"author":1,"featured_media":0,"parent":0,"menu_order":0,"comment_status":"closed","ping_status":"closed","template":"","meta":{"footnotes":""},"_links":{"self":[{"href":"https:\/\/gcshandicapsensoriel.fr\/index.php?rest_route=\/wp\/v2\/pages\/201"}],"collection":[{"href":"https:\/\/gcshandicapsensoriel.fr\/index.php?rest_route=\/wp\/v2\/pages"}],"about":[{"href":"https:\/\/gcshandicapsensoriel.fr\/index.php?rest_route=\/wp\/v2\/types\/page"}],"author":[{"embeddable":true,"href":"https:\/\/gcshandicapsensoriel.fr\/index.php?rest_route=\/wp\/v2\/users\/1"}],"replies":[{"embeddable":true,"href":"https:\/\/gcshandicapsensoriel.fr\/index.php?rest_route=%2Fwp%2Fv2%2Fcomments&post=201"}],"version-history":[{"count":5,"href":"https:\/\/gcshandicapsensoriel.fr\/index.php?rest_route=\/wp\/v2\/pages\/201\/revisions"}],"predecessor-version":[{"id":232,"href":"https:\/\/gcshandicapsensoriel.fr\/index.php?rest_route=\/wp\/v2\/pages\/201\/revisions\/232"}],"wp:attachment":[{"href":"https:\/\/gcshandicapsensoriel.fr\/index.php?rest_route=%2Fwp%2Fv2%2Fmedia&parent=201"}],"curies":[{"name":"wp","href":"https:\/\/api.w.org\/{rel}","templated":true}]}}